e factors of 894.
2, 3, 149
What are the prime factors of 14107?
14107
List the prime factors of 132944.
2, 7, 1187
What are the prime factors of 5244?
2, 3, 19, 23
List the prime factors of 14990.
2, 5, 1499
What are the prime factors of 1711?
29, 59
What are the prime factors of 19522?
2, 43, 227
List the prime factors of 3503.
31, 113
List the prime factors of 59.
59
List the prime factors of 116550.
2, 3, 5, 7, 37
What are the prime factors of 930?
2, 3, 5, 31
What are the prime factors of 4354?
2, 7, 311
What are the prime factors of 4485?
3, 5, 13, 23
What are the prime factors of 704?
2, 11
List the prime factors of 123356.
2, 30839
What are the prime factors of 22192?
2, 19, 73
What are the prime factors of 3030?
2, 3, 5, 101
What are the prime factors of 3074?
2, 29, 53
List the prime factors of 10225.
5, 409
List the prime factors of 22548.
2, 3, 1879
List the prime factors of 892.
2, 223
What are the prime factors of 7120?
2, 5, 89
List the prime factors of 618.
2, 3, 103
What are the prime factors of 55047?
3, 59, 311
What are the prime factors of 9514?
2, 67, 71
What are the prime factors of 4972?
2, 11, 113
List the prime factors of 34837.
11, 3167
What are the prime factors of 84043?
229, 367
List the prime factors of 2281.
2281
What are the prime factors of 1835?
5, 367
What are the prime factors of 4638?
2, 3, 773
List the prime factors of 38512.
2, 29, 83
List the prime factors of 1242.
2, 3, 23
List the prime factors of 101062.
2, 13, 23
List the prime factors of 4627.
7, 661
What are the prime factors of 1130?
2, 5, 113
List the prime factors of 9230.
2, 5, 13, 71
List the prime factors of 541.
541
List the prime factors of 1890.
2, 3, 5, 7
List the prime factors of 29346.
2, 3, 67, 73
List the prime factors of 162.
2, 3
What are the prime factors of 2717?
11, 13, 19
What are the prime factors of 80343?
3, 79, 113
List the prime factors of 17772.
2, 3, 1481
List the prime factors of 2630.
2, 5, 263
What are the prime factors of 93992?
2, 31, 379
What are the prime factors of 1929?
3, 643
List the prime factors of 162415.
5, 11, 2953
What are the prime factors of 30991?
17, 1823
What are the prime factors of 1575?
3, 5, 7
List the prime factors of 13166.
2, 29, 227
What are the prime factors of 90386?
2, 43, 1051
List the prime factors of 30260.
2, 5, 17, 89
List the prime factors of 564.
2, 3, 47
List the prime factors of 289.
17
What are the prime factors of 36846?
2, 3, 23, 89
What are the prime factors of 68238?
2, 3, 17, 223
List the prime factors of 1263.
3, 421
List the prime factors of 182.
2, 7, 13
What are the prime factors of 3356?
2, 839
What are the prime factors of 718?
2, 359
What are the prime factors of 35575?
5, 1423
List the prime factors of 351.
3, 13
What are the prime factors of 11295?
3, 5, 251
List the prime factors of 39185.
5, 17, 461
List the prime factors of 1072.
2, 67
What are the prime factors of 1844?
2, 461
List the prime factors of 1924.
2, 13, 37
List the prime factors of 19746.
2, 3, 1097
List the prime factors of 26349.
3, 8783
What are the prime factors of 544?
2, 17
List the prime factors of 65850.
2, 3, 5, 439
List the prime factors of 2010.
2, 3, 5, 67
List the prime factors of 1280.
2, 5
List the prime factors of 520.
2, 5, 13
What are the prime factors of 118860?
2, 3, 5, 7, 283
List the prime factors of 548.
2, 137
List the prime factors of 30051.
3, 7, 53
List the prime factors of 21092.
2, 5273
List the prime factors of 3523.
13, 271
List the prime factors of 39906.
2, 3, 739
What are the prime factors of 7153?
23, 311
What are the prime factors of 20150?
2, 5, 13, 31
What are the prime factors of 59312?
2, 11, 337
What are the prime factors of 12460?
2, 5, 7, 89
List the prime factors of 7502.
2, 11, 31
List the prime factors of 24083.
24083
List the prime factors of 12590.
2, 5, 1259
What are the prime factors of 42093?
3, 1559
What are the prime factors of 12015?
3, 5, 89
What are the prime factors of 38356?
2, 43, 223
List the prime factors of 350.
2, 5, 7
What are the prime factors of 4209?
3, 23, 61
List the prime factors of 11993.
67, 179
List the prime factors of 3258.
2, 3, 181
List the prime factors of 4778.
2, 2389
List the prime factors of 24501.
3, 8167
What are the prime factors of 3053?
43, 71
What are the prime factors of 32247?
3, 3583
What are the prime factors of 3676?
2, 919
List the prime factors of 1415.
5, 283
List the prime factors of 3794.
2, 7, 271
What are the prime factors of 2418?
2, 3, 13, 31
List the prime factors of 1179.
3, 131
What are the prime factors of 17502?
2, 3, 2917
List the prime factors of 176708.
2, 7, 6311
What are the prime factors of 1211?
7, 173
List the prime factors of 26429.
13, 19, 107
What are the prime factors of 494?
2, 13, 19
List the prime factors of 17473.
101, 173
List the prime factors of 5019.
3, 7, 239
List the prime factors of 96118.
2, 11, 17, 257
What are the prime factors of 3658?
2, 31, 59
List the prime factors of 1745.
5, 349
What are the prime factors of 748?
2, 11, 17
List the prime factors of 15534.
2, 3, 863
List the prime factors of 7458.
2, 3, 11, 113
List the prime factors of 722.
2, 19
What are the prime factors of 4776?
2, 3, 199
What are the prime factors of 12335?
5, 2467
What are the prime factors of 1016?
2, 127
List the prime factors of 16642.
2, 53, 157
List the prime factors of 16650.
2, 3, 5, 37
List the prime factors of 1033.
1033
What are the prime factors of 65273?
13, 5021
List the prime factors of 4179.
3, 7, 199
What are the prime factors of 888?
2, 3, 37
What are the prime factors of 4895?
5, 11, 89
List the prime factors of 540.
2, 3, 5
List the prime factors of 1162.
2, 7, 83
What are the prime factors of 3542?
2, 7, 11, 23
List the prime factors of 16372.
2, 4093
What are the prime factors of 62077?
23, 2699
What are the prime factors of 747?
3, 83
What are the prime factors of 3840?
2, 3, 5
List the prime factors of 5415.
3, 5, 19
What are the prime factors of 13729?
13729
List the prime factors of 3344.
2, 11, 19
List the prime factors of 344.
2, 43
What are the prime factors of 4350?
2, 3, 5, 29
What are the prime factors of 778?
2, 389
List the prime factors of 5540.
2, 5, 277
List the prime factors of 17351.
17351
What are the prime factors of 9467?
9467
List the prime factors of 21261.
3, 19, 373
What are the prime factors of 7969?
13, 613
What are the prime factors of 1615?
5, 17, 19
List the prime factors of 41638.
2, 109, 191
What are the prime factors of 535?
5, 107
List the prime factors of 3627.
3, 13, 31
List the prime factors of 1274.
2, 7, 13
List the prime factors of 822.
2, 3, 137
What are the prime factors of 2938?
2, 13, 113
List the prime factors of 108999.
3, 11, 367
What are the prime factors of 305?
5, 61
What are the prime factors of 3567?
3, 29, 41
What are the prime factors of 255?
3, 5, 17
What are the prime factors of 5112?
2, 3, 71
List the prime factors of 29033.
29033
List the prime factors of 19503.
3, 11, 197
List the prime factors of 1904.
2, 7, 17
List the prime factors of 1679.
23, 73
List the prime factors of 1409.
1409
List the prime factors of 1113.
3, 7, 53
List the prime factors of 26219.
157, 167
List the prime factors of 932.
2, 233
What are the prime factors of 1407?
3, 7, 67
What are the prime factors of 6026?
2, 23, 131
What are the prime factors of 800?
2, 5
What are the prime factors of 37983?
3, 11, 1151
List the prime factors of 947.
947
List the prime factors of 19320.
2, 3, 5, 7, 23
What are the prime factors of 7435?
5, 1487
List the prime factors of 59627.
59627
List the prime factors of 6104.
2, 7, 109
List the prime factors of 117.
3, 13
List the prime factors of 14445.
3, 5, 107
List the prime factors of 55128.
2, 3, 2297
List the prime factors of 3915.
3, 5, 29
List the prime factors of 6811.
7, 139
List the prime factors of 362.
2, 181
What are the prime factors of 69947?
113, 619
What are the prime factors of 528?
2, 3, 11
What are the prime factors of 45032?
2, 13, 433
What are the prime factors of 58732?
2, 14683
List the prime factors of 72889.
72889
List the prime factors of 1184.
2, 37
List the prime factors of 91.
7, 13
What are the prime factors of 84427?
7, 1723
List the prime factors of 3014.
2, 11, 137
List the